or of n and 16.
2
Suppose 3*x - 5*x + 194 = 5*k, x = -4*k + 154. Calculate the highest common factor of k and 304.
38
Let i(a) = a**3 + 11*a**2 - 10*a - 6. Let k be i(-11). What is the greatest common factor of k and 13?
13
Let l = -204 + 292. Calculate the highest common divisor of 11 and l.
11
Let x = 10 - -44. Let u = -8 + 42. Let q be u/4 + 4/8. What is the greatest common factor of x and q?
9
Suppose -4*l = -114 - 110. Let f(s) = s**3 - s**2 + 7. Let y be f(0). Suppose -v - y = -2*v. What is the greatest common divisor of v and l?
7
Let j be (32/28)/(6/21). Suppose 4*w + 3*h - 390 = 5*h, 0 = -4*w + j*h + 396. Let b = 18 - 6. What is the highest common factor of b and w?
12
Suppose 0*m = -m + 15. Suppose 0 = 8*p - 4*p - 40. Calculate the highest common divisor of p and m.
5
Let c(o) = o**3 - 4*o**2 - 8*o + 12. Let l be c(6). Calculate the highest common factor of l and 24.
12
Let z(a) = a**3 - 14*a**2 + a - 7. Let l be z(14). Suppose 3*g = 4*g - l. Calculate the greatest common divisor of g and 21.
7
Let x be (2 - 3)/((-3)/(-18)). Let a = 10 - 21. Let m = x - a. Calculate the highest common divisor of m and 55.
5
Let s = 77 + -65. Let k(c) = c**3 - 10*c**2 + 12*c - 9. Let r be k(9). Calculate the highest common divisor of r and s.
6
Suppose 132*p + 420 = 136*p. Calculate the highest common factor of 42 and p.
21
Suppose 3*k - 5*v - 25 = 0, -k - 3*k + 4*v = -20. Let m(l) = l**3 + l**2 + l + 42. Let r be m(k). What is the highest common factor of 14 and r?
14
Let h(s) = -s + 4. Let m be h(-2). Suppose 3*i - 4*k - 40 = -m*k, 4*i - 4*k = 60. Calculate the greatest common factor of 35 and i.
7
Suppose -l = -26 - 92. Suppose -5*v = -l - 102. Calculate the highest common divisor of 110 and v.
22
Suppose 3*b + 2*b + 245 = 0. Let u be (b/(-28))/(1/4). What is the highest common factor of u and 21?
7
Let g be 3/(-2)*4/(-3). Let n be 7*(148/28 + -1). Let i be n/g*(3 + -2). Calculate the greatest common factor of 3 and i.
3
Let f = 24 + -6. Let t(v) = -v**3 - 4*v**2 + 2*v. Let a be t(-5). Let o be (18/5)/(3/a). Calculate the highest common divisor of f and o.
18
Let j be (2/2)/(2/90). Let u = 22 - 7. What is the greatest common factor of j and u?
15
Suppose 595 = -0*x + 5*x. Let n = 84 + -67. What is the highest common factor of n and x?
17
Let n = -40 - -85. Calculate the greatest common factor of 18 and n.
9
Suppose -5*k + 14 = -3*f, 3*f - 3 = k - 1. Suppose 76 = 5*q - k. Let l = 5 - 1. Calculate the greatest common divisor of q and l.
4
Let a be -6 - -19 - (-30)/(-5). Let z be 2/8 + 249/12. Calculate the highest common factor of z and a.
7
Let x = 96 - 18. What is the highest common divisor of x and 26?
26
Suppose -6 = -u + 6. Let k(v) be the third derivative of v**6/120 + v**5/10 + 5*v**4/24 - 6*v**2. Let g be k(-4). What is the highest common factor of g and u?
12
Let c(i) = i**2 - 2*i + 19. Let w be c(-8). Calculate the highest common divisor of 66 and w.
33
Suppose b - 30 = -t - 4, -97 = -4*t + 3*b. Suppose -15 = -4*w - k + t, 3*k = w - 10. Calculate the highest common divisor of 10 and w.
10
Suppose 0 = -4*f + 3*w - 4*w + 21, 5*f = -5*w + 30. Calculate the highest common factor of 20 and f.
5
Let p(c) = 4*c**2 + 4*c - 3. Let y be p(1). Calculate the greatest common factor of 35 and y.
5
Let m = -71 - -81. Let a(x) = 3*x**2 + 7*x. Let w be a(-5). Calculate the highest common divisor of w and m.
10
Let g(z) be the first derivative of -7*z**2/2 - 4. Let l be g(-1). Let a(s) = -18*s + 2. Let r be a(-3). What is the highest common factor of l and r?
7
Suppose -4*p + 7 = -13. Suppose 0 = -10*v + 14*v - 140. Calculate the greatest common factor of p and v.
5
Let a be 0/6 - (-2 + 3) - -5. What is the highest common factor of 4 and a?
4
Let d(q) = q**2 + 3*q - 2. Let p be d(-5). What is the highest common divisor of p and 1?
1
Let v be 12/(2 + -6) - (-17)/1. Calculate the highest common divisor of 112 and v.
14
Suppose -5*n + 210 - 42 = -i, -4*n + 2*i = -132. Let f be ((-2)/(-8))/(-2 + (-411)/(-204)). What is the highest common divisor of f and n?
17
Let c(n) = -12*n + 14. Let k be c(-5). What is the highest common factor of 37 and k?
37
Suppose 1801 = -4*v - 235. Let j = -347 - v. Calculate the highest common divisor of 18 and j.
18
Suppose -2*b = -2*l + 158, 0*l + 2*l + 4*b = 170. Let r(h) = h**2 + 9. Let d be r(0). Calculate the greatest common divisor of l and d.
9
Let p be 4/(-6) + 16/6. Let g(d) = 4*d - 3. Let a be g(p). Let l(x) = x**2 + 10*x - 6. Let j be l(-11). Calculate the greatest common divisor of j and a.
5
Suppose 24 = -12*l + 456. What is the greatest common factor of 324 and l?
36
Let u be -12*1/(-2)*1. Suppose -4*i + d = -0*i - 67, 39 = 3*i - 3*d. Calculate the greatest common factor of u and i.
6
Let d = 12 - 11. Let q be 12*(1 - d/3). What is the highest common factor of q and 16?
8
Let n = -2 - -7. Let w(t) = -t**2 + 8*t - 7. Let s be w(n). What is the highest common factor of 72 and s?
8
Suppose -5*d + 14 = -4*d. Let l(n) = n**3 - 5*n**2 + 7*n - 7. Let w be l(5). What is the greatest common divisor of d and w?
14
Let v = 0 + 2. Suppose v*o = -o + 18. What is the highest common factor of o and 42?
6
Let n(o) = -4*o**3 - 3*o**2 - 13*o - o**2 + 3*o**3 - 7*o**2 + 10. Let t be n(-10). Calculate the greatest common factor of t and 4.
4
Suppose 0 = -56*l + 59*l - 168. Calculate the greatest common factor of 14 and l.
14
Let g = -93 - -40. Let p = 152 + g. Let r = p - 57. Calculate the greatest common divisor of 6 and r.
6
Suppose 4*k + 2*d = 27 + 3, 5*k = 3*d + 65. Calculate the highest common divisor of 20 and k.
10
Let w be (24/(-9) + 2)*3. Let r be 119/w*(5 + 1). Let n = 537 + r. Calculate the highest common divisor of n and 18.
18
Let q = -29 - -43. Let b(c) = -c**3 - 5*c**2 + 6*c + 8. Let y be b(-6). Let x = y - -90. Calculate the greatest common divisor of x and q.
14
Let i be 2 + 3/((-9)/(-453)). Calculate the highest common factor of 17 and i.
17
Let k be (-12 - 1) + 1 + 1. Let w = 29 + k. What is the highest common divisor of w and 6?
6
Let p be (-6)/15 - (-34)/10. Suppose 0 = -p*y + 2*y + 24. What is the greatest common divisor of 12 and y?
12
Let s be 48/(-20)*10/(-4). Calculate the highest common divisor of s and 18.
6
Suppose 0 = 3*g - d - 19, 5*g - 4*d - 35 = d. Let h(s) = s**2 - 5*s - 3. Let p be h(g). Let i = 88 - 85. Calculate the greatest common divisor of p and i.
3
Let l(p) = -2*p - 4. Let g be l(-6). Suppose 3*w + 46 = b - 2*b, 5*b + 202 = -w. Let q be 16/10*b/(-4). Calculate the greatest common factor of q and g.
8
Let w be (-27)/15*(-3 + -2). Calculate the greatest common divisor of 81 and w.
9
Suppose 2*j - 17 = -3*h + 92, 0 = -4*j - 4*h + 224. Let w = j - -57. What is the greatest common factor of w and 29?
29
Let c = -1 + 1. Let w be (-1 - 0) + c - 4. Let h(x) = x**3 + 4*x**2 - 6*x + 4. Let y be h(w). Calculate the highest common divisor of 63 and y.
9
Let d = -10 + 12. Suppose -108 = -d*r + 102. What is the greatest common factor of r and 42?
21
Let b = 8 - -41. Let k(d) = -d + 7. Let z be k(-4). Suppose -o + 2*o = 1, -3*o - z = -2*j. Calculate the highest common divisor of j and b.
7
Suppose 0 = j - 25 - 79. What is the greatest common divisor of j and 8?
8
Suppose 65 = -17*i + 18*i. What is the highest common factor of 5 and i?
5
Let w be (-296)/(-40) - (-6)/10. Let p be 4/w + (-69)/(-2). Let x = -17 - -31. Calculate the greatest common divisor of p and x.
7
Let i = 20 + -8. Let h be (1/2)/((-4)/(-48)). Suppose -305 = -5*c + 5*t, -2*c - 235 = -h*c - 5*t. Calculate the greatest common factor of i and c.
12
Let t = 22 + 21. What is the highest common factor of 43 and t?
43
Let o = 16 - 12. Calculate the greatest common divisor of o and 8.
4
Let o be (-1)/(-6) - 836/(-24). What is the greatest common divisor of o and 14?
7
Let d be (-3)/(3/(-2)) + 0. Suppose -6*k + 24 = -d*k. What is the greatest common divisor of 2 and k?
2
Let o be (-4)/16 + (-4100)/(-16). What is the greatest common divisor of o and 32?
32
Suppose 31 = 5*s - 24. What is the greatest common divisor of s and 55?
11
Suppose 4*j = -15 - 5, -2*l = 4*j + 4. Suppose -3*a + l = -3*n + 2, 0 = -n - 5*a + 22. Calculate the greatest common factor of 1 and n.
1
Suppose 2*l + 12 = -4*v, 0 = 3*l + l + 4*v + 8. What is the greatest common divisor of l 